352 and 2688.
336
Calculate the highest common factor of 1845 and 82.
41
What is the greatest common factor of 32 and 4?
4
Calculate the greatest common divisor of 10 and 835.
5
What is the greatest common factor of 210 and 21?
21
Calculate the greatest common divisor of 1510 and 453.
151
Calculate the highest common divisor of 2537 and 43.
43
What is the highest common divisor of 110 and 90?
10
What is the highest common divisor of 112 and 168?
56
Calculate the greatest common factor of 1446 and 2.
2
Calculate the greatest common factor of 984 and 861.
123
What is the highest common factor of 33 and 6468?
33
What is the highest common factor of 774 and 6?
6
What is the greatest common divisor of 18 and 63?
9
What is the highest common factor of 672 and 84?
84
Calculate the greatest common factor of 2409 and 66.
33
What is the greatest common divisor of 99 and 66?
33
What is the highest common divisor of 248 and 508?
4
What is the greatest common divisor of 132 and 330?
66
What is the highest common factor of 26 and 7618?
26
What is the highest common divisor of 430 and 688?
86
Calculate the highest common divisor of 24662 and 236.
118
Calculate the highest common divisor of 80 and 50.
10
Calculate the highest common factor of 96 and 120.
24
What is the greatest common divisor of 212 and 371?
53
Calculate the greatest common factor of 130 and 6695.
65
What is the greatest common divisor of 218 and 5341?
109
What is the greatest common factor of 24300 and 400?
100
Calculate the highest common divisor of 95 and 1159.
19
Calculate the greatest common factor of 33 and 1166.
11
What is the greatest common factor of 36 and 17280?
36
Calculate the greatest common divisor of 10 and 29570.
10
Calculate the greatest common factor of 2037 and 97.
97
What is the greatest common factor of 15 and 845?
5
Calculate the highest common divisor of 64 and 80.
16
What is the greatest common divisor of 210 and 2002?
14
What is the highest common divisor of 203 and 1624?
203
Calculate the highest common divisor of 7856 and 16.
16
What is the highest common divisor of 3 and 75?
3
Calculate the greatest common divisor of 52 and 12.
4
Calculate the highest common factor of 161 and 23.
23
Calculate the highest common divisor of 1 and 65.
1
What is the highest common factor of 102 and 4845?
51
What is the greatest common divisor of 1506 and 18?
6
What is the highest common factor of 17 and 221?
17
What is the highest common factor of 30 and 1245?
15
Calculate the highest common factor of 30 and 290.
10
Calculate the highest common factor of 2387 and 8866.
341
Calculate the greatest common factor of 160 and 880.
80
What is the greatest common factor of 134 and 469?
67
Calculate the greatest common divisor of 377 and 13.
13
Calculate the greatest common divisor of 5072 and 64.
16
Calculate the greatest common factor of 44110 and 110.
110
What is the greatest common factor of 374 and 66?
22
What is the greatest common factor of 361 and 152?
19
What is the highest common factor of 2076 and 18338?
346
What is the highest common factor of 6156 and 1881?
171
Calculate the greatest common factor of 704 and 512.
64
Calculate the greatest common divisor of 69 and 115.
23
What is the highest common divisor of 20 and 140?
20
Calculate the greatest common divisor of 240 and 285.
15
Calculate the highest common factor of 90 and 240.
30
What is the highest common factor of 288 and 1344?
96
Calculate the greatest common divisor of 7285 and 62.
31
Calculate the highest common divisor of 33 and 583.
11
Calculate the highest common divisor of 7 and 7.
7
Calculate the highest common factor of 4275 and 135.
45
Calculate the highest common factor of 324 and 21.
3
What is the highest common factor of 4183 and 445?
89
What is the greatest common divisor of 6306 and 6?
6
What is the greatest common divisor of 30 and 8?
2
What is the greatest common factor of 53 and 159?
53
What is the highest common divisor of 441 and 72?
9
What is the highest common factor of 160 and 32?
32
Calculate the highest common factor of 1128 and 24.
24
What is the greatest common divisor of 24 and 96?
24
What is the greatest common divisor of 399 and 63?
21
What is the highest common factor of 8207 and 283?
283
What is the greatest common factor of 374 and 88?
22
Calculate the highest common factor of 150 and 18.
6
What is the highest common factor of 7520 and 90?
10
Calculate the greatest common factor of 74 and 7437.
37
Calculate the highest common divisor of 12 and 62.
2
What is the greatest common factor of 36 and 492?
12
What is the highest common factor of 1393 and 14?
7
What is the highest common factor of 12 and 10644?
12
What is the highest common divisor of 480 and 120?
120
What is the greatest common factor of 159 and 198?
3
Calculate the greatest common divisor of 21 and 159.
3
Calculate the greatest common factor of 27 and 657.
9
What is the greatest common factor of 3232 and 176?
16
Calculate the highest common divisor of 170 and 50.
10
What is the highest common factor of 264 and 96?
24
What is the greatest common factor of 2493 and 45?
9
What is the greatest common divisor of 25 and 10?
5
What is the greatest common factor of 20 and 155?
5
What is the highest common divisor of 6213 and 57?
57
What is the highest common factor of 20363 and 7?
7
What is the highest common factor of 477 and 106?
53
Calculate the highest common factor of 273 and 156.
39
Calculate the highest common divisor of 363 and 44.
11
Calculate the greatest common divisor of 76 and 475.
19
Calculate the highest common divisor of 396 and 495.
99
Calculate the highest common factor of 10619 and 123.
41
Calculate the highest common factor of 60 and 60.
60
Calculate the highest common factor of 204 and 3774.
102
Calculate the greatest common divisor of 9815 and 65.
65
Calculate the highest common divisor of 300 and 9060.
60
Calculate the highest common divisor of 219 and 3358.
73
Calculate the highest common divisor of 11 and 52.
1
What is the greatest common divisor of 5130 and 4446?
342
Calculate the greatest common divisor of 5434 and 1235.
247
What is the highest common divisor of 63 and 14?
7
What is the highest common factor of 1180 and 300?
20
Calculate the highest common factor of 3920 and 12.
4
Calculate the greatest common divisor of 7746 and 54.
6
What is the greatest common divisor of 10 and 500?
10
Calculate the highest common divisor of 14 and 350.
14
Calculate the highest common divisor of 546 and 4550.
182
What is the highest common factor of 88 and 52712?
88
What is the greatest common divisor of 8 and 10?
2
Calculate the greatest common divisor of 17 and 357.
17
Calculate the highest common factor of 423 and 27.
9
What is the greatest common factor of 106 and 1113?
53
Calculate the greatest common divisor of 99 and 2739.
33
Calculate the highest common divisor of 156 and 12.
12
Calculate the greatest common factor of 7072 and 96.
32
Calculate the greatest common divisor of 25383 and 3.
3
Calculate the highest common factor of 156 and 36.
12
Calculate the greatest common factor of 6 and 426.
6
What is the highest common divisor of 1568 and 882?
98
Calculate the highest common divisor of 19673 and 382.
191
Calculate the greatest common factor of 84 and 147.
21
What is the greatest common divisor of 30 and 360?
30
Calculate the highest common divisor of 378 and 57.
3
What is the greatest common divisor of 60 and 48?
12
Calculate the greatest common divisor of 7355 and 10.
5
Calculate the highest common divisor of 40 and 3170.
10
Calculate the greatest common factor of 648 and 48.
24
What is the highest common divisor of 40 and 310?
10
What is the greatest common factor of 595 and 3740?
85
Calculate the highest common divisor of 2527 and 35.
7
What is the highest common factor of 2519 and 473?
11
Calculate the highest common divisor of 144 and 153.
9
What is the highest common divisor of 567 and 147?
21
Calculate the greatest common factor of 68 and 51.
17
Calculate the highest common divisor of 1896 and 456.
24
What is the greatest common factor of 288 and 9?
9
Calculate the greatest common factor of 943 and 533.
41
What is the greatest common factor of 360 and 40?
40
What is the greatest common divisor of 120 and 75?
